+ 2*l**2. Let z(q) = 3*q**2 + 3*q + 2. Let a(u) = 4*b(u) + 3*z(u). What is a(-2)?
4
Let d(m) = -2 + 3*m + 0 - 7*m. Let a be (5/(-3) - -2)*96/(-16). Calculate d(a).
6
Let h(p) = 15*p - 4 + 1 - 17*p. Give h(-2).
1
Suppose x + 2*x - 6 = 0. Let u(w) = -w + 3*w**x + 0*w**2 - 262*w**3 + 263*w**3 + 3. What is u(-3)?
6
Let z(d) be the third derivative of d**4/6 + 2*d**3/3 + 3*d**2. Let s be z(3). Suppose s = 5*j - 14. Let x(g) = g**3 - 5*g**2 - 8*g + 7. What is x(j)?
-5
Let i(r) = -3*r - 1 - 2 + 1. Let m(q) = -5*q - 5. Let l(d) = -7*i(d) + 4*m(d). Let p be 0 - 1*(-10)/2. Determine l(p).
-1
Let i(w) = w**3 + 4*w**2 - 2*w - 3. Let j be (-288)/63 - -1*(-4)/(-7). Give i(j).
5
Let l(v) = 3 - 3*v - 1 + v**2 - 6. Suppose 9*n = 6 - 33. Determine l(n).
14
Let y(w) = -11*w**2 - w + 3. Let m(u) = 5*u**2 + u - 2. Let j(x) = 13*m(x) + 6*y(x). Determine j(6).
-2
Let n(x) = -x**3 + 4*x**2 - 4. Let f be (-19)/(-7) - ((-23)/7 - -3). Determine n(f).
5
Let q(j) = -j**3 - 6*j**2 - 5*j + 5. Let a be q(-5). Let c(y) = 5 + a - y**2 - 8. Let k(s) = s**2 + 5*s - 4. Let h be k(-6). Calculate c(h).
-2
Let t(n) = n**3 - 2*n**2 - 2*n - 5. Suppose 3*l + 0*l - 12 = 0. Give t(l).
19
Suppose -5*i = 3*v - 2*v + 8, 4*v - 2 = -3*i. Let s(n) = -8*n + 2. What is s(v)?
-14
Let g(d) = -d - 7. Suppose 0 = 5*j + 3*f - 35, -5*j - 4*f - f + 25 = 0. Suppose 0 = 3*v + 5*c + 22, -2*c - c = v + j. Let h be 20/v - (1 - 0). Calculate g(h).
-1
Let i(o) = o + o - 3*o - 5. Give i(-3).
-2
Let r = 19 - 14. Let c(b) = 4*b - b**3 - r*b + 0*b**2 - 3*b + 5*b**2 + 2. Give c(4).
2
Suppose 0 = g + 2*i, -i - i + 2 = 0. Let h(a) be the second derivative of -a**2 - 1/3*a**3 + 0 - 2*a + 1/20*a**5 + 1/12*a**4. What is h(g)?
-2
Let q(t) = -7*t**3 - t**2. Let w(p) = p**2 - 5*p + 3. Let g be w(1). Determine q(g).
6
Let i(w) be the third derivative of w**6/20 + w**4/24 - w**2. Let r be (-4)/(-6)*3/2. What is i(r)?
7
Let z(m) = -m**2 + m + 5. Let h be z(0). Suppose -15 = -h*r - 0. Let d be (-1 + r)/(6/15). Let g(f) = f**2 - 7*f + 5. Give g(d).
-5
Let q(c) = -7*c - 18. Let o be q(-3). Let w(n) = 3*n + 1. Give w(o).
10
Let p(b) = -6*b + 3. Let s(c) = -7*c + 4. Let y(l) = 4*p(l) - 3*s(l). Give y(-2).
6
Let b(x) = -x**3 + 4*x**2 - 2*x + 2. Let a be -1*1 + 7 + -6. Suppose -3*n + 4*n - 4 = a. Give b(n).
-6
Let p be (-2)/(((-36)/(-54))/((-4)/2)). Let x(t) be the first derivative of 2*t**2 + 4 - 1/3*t**3 + p*t. Calculate x(5).
1
Let s(b) = b**3 + 4*b**2 - 3*b - 1. Suppose -h - 8 = -2*r, 0 = 2*h - r + 15 - 5. Calculate s(h).
11
Let y(q) = q**2 - 2*q - 2. Let p = 45 - 41. What is y(p)?
6
Let t(z) be the first derivative of -z**7/840 + z**6/90 - z**5/60 + z**4/12 - 7*z**3/3 + 4. Let u(q) be the third derivative of t(q). What is u(3)?
5
Let f(l) = l**3 - 5*l**2 - 7*l + 6. Suppose 10*y - 6 = 7*y. Suppose -y = -2*t + 5*i, -5*t + i = 4*i - 36. Calculate f(t).
0
Let f(a) = 1 + a**2 - 3*a - 4 + 0 - 2*a. Let b = -5 - -8. What is f(b)?
-9
Let l(r) = -r**3 - 22*r**2 - 20*r + 11. Let k be l(-21). Let o(n) = -n - 14. Determine o(k).
-4
Let p(j) be the second derivative of j**4/12 - 5*j**3/6 - j**2/2 - 11*j. Suppose n = -3*n + 20. Calculate p(n).
-1
Suppose -5*j - 20 = -5*z - 2*j, 2*z = 5*j + 27. Suppose 15 - 39 = -4*p - 2*r, -18 = -4*p + r. Let a(b) = -p*b + b - z - 2. Give a(-3).
9
Let m(h) be the first derivative of 2*h**3/3 - 5*h**2 + 7*h - 29. Give m(6).
19
Let s(g) = 3*g**2 - 3*g + 6. Let l(k) = -13*k**2 + 12*k - 25. Let i(w) = -2*l(w) - 9*s(w). Let o = 18 - 15. Determine i(o).
-4
Let m(n) = n + 2. Let j(u) = 3*u + 6. Let x = 6 - 10. Let a(h) = x*j(h) + 14*m(h). Let v be a(-3). Let s(y) = y**2 + 2*y - 1. What is s(v)?
-1
Let s(u) = -u**2 + 9*u. Let y be s(9). Let b(w) = -w - 1. Let r(g) = g + 1. Let i(k) = -2*b(k) - r(k). Calculate i(y).
1
Let l = -35 + 37. Let r(y) be the second derivative of -2*y + 0*y**l + 0 + 2/3*y**3. Determine r(1).
4
Let o(d) = d**3 + d**2 + d. Let v be o(0). Let m(x) = 2*x**2 + 2 + v - 2 + x. Determine m(-1).
1
Let g = -6 - -4. Let t(x) = -x**2 - 1. Let z(p) = -p - 2. Let y(m) = -3*t(m) + 2*z(m). Determine y(g).
15
Let x(h) be the first derivative of -h**4/4 + 7*h**3/3 - 3*h**2/2 + 8*h - 9. Calculate x(7).
-13
Let i(v) = 4*v**2 - v**3 - 11*v + 9*v + 4 - 1. Let u be i(3). Let g(k) = k**2 - 6*k - 3. Determine g(u).
-3
Suppose 2*q + f = -5, -q + 4*f + 2 + 9 = 0. Let x(y) = -19*y**2 + y + 1. Calculate x(q).
-19
Let w(c) = 13*c + 2. Let p(s) = -12*s - 3. Let v(d) = 3*p(d) + 4*w(d). What is v(-1)?
-17
Suppose 0 = d + 4*d. Let s(b) be the first derivative of b**3/3 - b**2/2 - 6*b + 20. Calculate s(d).
-6
Suppose -s + 2*n = -2*n + 4, -2*n = -2. Let k(z) = -z. Let c(a) = a**3 - a**2 + a - 3. Let v(i) = -c(i) - 2*k(i). Determine v(s).
3
Suppose 4*o - 7 - 1 = 0. Let b(l) = 0 + l**o + 7 - 2 + 4. Suppose -d - q - 4*q = 0, d = q. Calculate b(d).
9
Let r be 0/((-3)/(4/4)). Let y(l) = -l**2 + l + 10. Calculate y(r).
10
Let j(x) = x**3 + 3*x**2 - 6*x - 5. Let t be j(-4). Suppose 2*l + 4 = -3*g - t, 0 = 4*g + 4*l + 8. Let p(r) = -3*r + 5*r - 2*r**2 - 3 + 4*r**2. Determine p(g).
9
Suppose 1 = 2*i - i. Let h(x) be the first derivative of -4*x**3/3 - x**2 + x + 1. Determine h(i).
-5
Let w(y) = -3*y + 6. Let h(o) = -4*o + 7. Let s(x) = -5*h(x) + 6*w(x). Let t(k) = k**3 + 3*k**2 - 3*k - 1. Let p be t(-4). Let v = 8 + p. Calculate s(v).
7
Let y = -12 - -5. Let j(z) = z**3 + 6*z**2 - 7*z - 2. Give j(y).
-2
Let c(d) = 40*d**3 + 5*d**2 + d - 6. Let b(i) = -8*i**3 - i**2 + 1. Let s(q) = 11*b(q) + 2*c(q). Calculate s(1).
-8
Let u(m) be the second derivative of 1/12*m**4 + 0 + m - 1/2*m**2 + 5/6*m**3. Calculate u(-4).
-5
Suppose -4*j = 5*z - 8, 3*z = 5*j - 3*j - 4. Let a = z - -7. Let f = a + -5. Let i(m) = 5*m + 1. What is i(f)?
11
Let y(w) = w**3 - 2*w**2 - w + 1. Suppose -4*i = 4*g - 70 + 10, 5*i = -2*g + 84. Suppose 4*h - i = -3*o, -3 = -3*h - 3*o + 12. What is y(h)?
7
Let j = 709/470 - 2/235. Let m(n) be the first derivative of j*n**2 + 2 - 5*n. Give m(4).
7
Let f(k) be the third derivative of k**4/12 - k**3/3 + k**2. Suppose 5*b = 6*b + 3. Let l(h) = -4*h + 5. Let u(z) = b*l(z) - 7*f(z). Determine u(4).
-9
Suppose -3*f + g + 77 = 0, 3*f - g - 2*g - 81 = 0. Let q = f - 29. Let k(p) = -p**3 - 2*p**2 + 7*p + 6. What is k(q)?
10
Let s(d) = 2*d + 6. Let p = 1 - -23. Suppose -2*o - p = 2*o. Give s(o).
-6
Let n(m) = -12*m**2 + 4*m - 3 + 3*m**2 - m**3 + 5*m**2. What is n(-5)?
2
Let j(u) be the first derivative of -2*u**2 - u - 8. What is j(1)?
-5
Let x = -2 - -2. Suppose -20 - 20 = -5*c + 5*y, 5*c + y - 10 = 0. Let p(h) = 6 + 2 + 4*h - c*h. Calculate p(x).
8
Suppose -3*v + 6 = -v. Let z = v + 2. Let y(x) = -x**3 + 6*x**2 - 7*x + 5. Determine y(z).
-5
Let k(v) = -3*v - 26. Let c be k(-6). Let g(l) = 2*l + 10. Give g(c).
-6
Let i(f) = f + 5. Suppose -3*p = 7 + 11. Let c = -6 - p. Suppose c = a + 1 + 3. Give i(a).
1
Let k(w) be the first derivative of w**4/12 - w**3/2 - 3*w**2/2 - 3*w + 3. Let i(r) be the first derivative of k(r). Determine i(5).
7
Let j(t) be the second derivative of 1/6*t**3 + 3/2*t**2 + 2*t + 0 + 1/3*t**4 + 1/20*t**5. Let n be (4/(-6))/((-4)/(-24)). Give j(n).
-1
Suppose 0*m + 6 = 2*m. Let p(k) = -6*k - 4. Calculate p(m).
-22
Let g(n) = n**2 - 5*n + 1. Let x = 20 + -18. What is g(x)?
-5
Let c(q) = q + 6. Let t be c(-3). Let d(f) = -2*f + t - 4 - 1. Let n be d(2). Let b(g) = g + 3. What is b(n)?
-3
Let o(y) = y**2 - y - 3. Let i = 31 + -31. What is o(i)?
-3
Let h = 24 + -19. Let g(a) = a**2 - 2*a - 4. Calculate g(h).
11
Suppose 10 = -p + 6*p. Let k(t) = 25*t**3 + 2 - 2 + 3 - 4*t - 26*t**3 + 4*t**2. Calculate k(p).
3
Let j(z) = z + 1. Let v = 5 + -3. Let d = -6 + v. Let w = d + 7. Calculate j(w).
4
Let y(h) = h**3 - 9*h**2 - h + 12. Let u be y(9). Let b(j) = 2 - 1 + u*j - 2*j. Let o be 190/35 - 3/7. Calculate b(o).
6
Let q(d) = -d**2 + 3*d - 4. Let j(y) = -2*y**2 + 6*y - 7. Let b(s) = 4*j(s) - 7*q(s). What is b(5)?
-10
Let z(k) = 3*k**3 + 3*k**2 + 4*k + 3. Let f(t) = 2*t**2 + 31*t + 13. Let c be f(-15). Determine z(c).
-17
Let t(z) = -z**2 + 4*z - 1. Let r = -26 + 29. Let q = -6 + 12. Suppose -r*v + v = -q. Calculate t(v).
2
Let r(c) = c**3 + 4*c**2 - 7*c - 4. Let z(y) = y**3 - y**2 + 2*y - 5. Let v be z(0). What is r(v)?
6
Let g(p) = -p + 4. Let t be g(8). Let v(f) = 2*f**2 - 2*f. Let k(b) = -3*b**2 + b. Let d(r) = -3*k(r) -